. Is h composite?
True
Suppose 2*w + 12 = 4*p, 0 = 2*p + 2*w + 3*w + 6. Suppose 586 = p*n + 5*b - 598, 0 = -4*b + 8. Is n a prime number?
True
Let d be 7/((-147)/26736) + 11/77. Let j = d - -2088. Is j a prime number?
False
Let c be (-2)/((-4)/(-2))*(963 + 18). Let k = c - -1510. Is k a composite number?
True
Let f(p) = -2*p**2 + p + 8. Let m be f(0). Suppose 0 = 4*l - m, 4*v = -0*v + l + 78. Is 160 - v - (-2 - 1) a composite number?
True
Suppose -4*g + 3*k + 140932 = 0, 3*g = -2*k - 59802 + 165501. Is g composite?
True
Suppose 0 = 7*r - 25*r + 33246. Suppose 17*b = 16*b + r. Is b a prime number?
True
Let n = -117474 - -187235. Is n prime?
True
Let j = -12170 + 17709. Is j a prime number?
False
Let o be (3 - 1329/9)/(4/(-6)). Suppose g = o - 12. Let t = g + -110. Is t composite?
True
Suppose 3*p - 5*x - 6 = 4*p, 0 = -2*p - 3*x + 9. Let z(v) = 59*v**2 + 16*v - 86. Is z(p) prime?
False
Let s = 3076822 + -1496151. Is s composite?
False
Suppose -11*n - 1 + 34 = 0. Suppose n*z + 5084 = 13847. Is z prime?
False
Let y = 57 - 57. Suppose -2*n = -y - 4. Suppose 0 = n*s - 4*g + g - 443, -s + 214 = g. Is s a composite number?
True
Let j(g) = -g**2 - 21*g - 107. Let o be j(-11). Is o/6 - 95205/(-10) prime?
True
Let o(b) = 5*b**3 + b**2 - 19*b - 6. Let a(h) = 6*h**3 - 20*h - 6. Let z(u) = -4*a(u) + 5*o(u). Let l be z(-7). Is ((-4)/18 + (-9051)/(-27))/l composite?
True
Let g = -45 - -48. Suppose -n - 2*n = g*v + 69, 2*v = -4*n - 100. Is (-2)/(((-3)/1618)/(n/(-36))) a composite number?
False
Let i(w) = 4*w + 39. Let s be i(9). Suppose f = -26 + s. Suppose 1056 = 5*q - f. Is q prime?
False
Suppose -163*m + 18065324 = -15*m. Is m a composite number?
True
Suppose -14*q - 72155 = -1677969. Is q composite?
True
Let m(f) = -233*f**3 + 11*f**2 + 25*f + 7. Is m(-2) composite?
True
Let k = 21 + 1. Suppose k*l = 18*l. Suppose l = -v - 275 + 1986. Is v prime?
False
Let h(t) = -33*t**3 - 4*t**2 - 4*t + 6. Let l be h(6). Suppose -4*s - c - 4770 = -2*s, -11923 = 5*s + 2*c. Let p = s - l. Is p composite?
True
Let m = -129 - -129. Suppose m = 5*i - 5, 4*u + 15663 = 6*u + 5*i. Is u a composite number?
False
Let i be 4/8 + 31/(-4)*6. Is (4075 - 1) + (-47 - i) a composite number?
False
Let d(f) be the third derivative of 3/4*f**4 + 0*f + 0 + f**2 + 1/6*f**3. Is d(5) composite?
True
Let u(i) = 27*i**3 + 10*i**2 - 16*i + 15. Let s be u(7). Is (s/(-9))/(8/(-24)) a composite number?
True
Suppose -2*g + 3*j + 4 = 0, -5*j = -5*g + 10 - 0. Suppose 0 = -2*o + 5*v - 8, 6*v - 32 = -g*o + v. Let l(s) = 20*s**2 - 11*s + 15. Is l(o) a composite number?
True
Let n(y) = -9*y + 18. Let w be n(6). Let l = w + 28. Is (-10)/3*948/l a composite number?
True
Suppose -35*a + 21092 + 2060995 = 28*a. Is a a composite number?
False
Let a = 19638 + 44524. Suppose 5*j - a = 22278. Suppose 0*z + j = 8*z. Is z composite?
False
Suppose -2*m = 4*n - 826, -1652 = -7*m + 3*m - 3*n. Suppose -680*v = -681*v + 5. Suppose 2*b - m = -v*u - 2*b, -3*u - 4*b = -243. Is u a composite number?
True
Let b(u) = 32*u + 95. Let v(d) = 1. Let j(f) = -b(f) + 2*v(f). Is j(-17) a composite number?
True
Let f be 1*3 + 150/10 + -4. Suppose -f*i - 10255 + 92253 = 0. Is i prime?
True
Suppose m - 469 = -0*m. Let t = -16 + -292. Let f = m + t. Is f composite?
True
Let u = -126 + 294. Let z = -221 + 188. Let g = u - z. Is g a composite number?
True
Let y = -35946 + 51047. Is y a prime number?
True
Let z = -37 - -46. Let u(w) = -w**3 + 9*w**2 + w - 19. Let q be u(z). Is 4518/(-45)*q/4 a composite number?
False
Suppose 5*y - 6391 + 25636 = 5*h, -2*h = 5*y - 7670. Is h prime?
False
Let p(w) = -7*w**2 + 3*w - 10. Let l(c) = -9 + 2*c - 17*c**2 + 10*c**2 + 0*c. Let a(q) = -3*l(q) + 2*p(q). Is a(4) composite?
True
Let x = -362989 + 717342. Is x prime?
True
Let w(b) = -b**2 - 8*b + 12. Let n be w(-8). Suppose 7*z + 2065 = n*z. Suppose -z = -4*q + 327. Is q prime?
False
Let a(h) = -13*h**3 + 164*h**2 - 77*h - 37. Is a(-28) a prime number?
True
Let g(o) = -5*o + 1055201. Is g(0) a composite number?
True
Let g = 215228 - -122589. Is g composite?
False
Let i(d) = 13*d**2 - 7*d - 187. Is i(30) prime?
False
Let a = 121 - 106. Suppose a*g - 24242 = -1727. Is g composite?
True
Let z be 13685/14*264/(-30). Let a = z + 14171. Is a a composite number?
False
Let t(r) = 39*r**2 + 41*r + 2491. Is t(-73) a composite number?
False
Let h(d) = -198*d - 29. Let f = -70 - -98. Let b = 14 - f. Is h(b) a prime number?
False
Is 27/135 + 48/(-10)*-6556 composite?
False
Let v = 62554 + 47781. Is v composite?
True
Is 478/2629*(-883586)/(-4) prime?
True
Let r be -1754*3 + (-9 - -15). Let c = r - -9115. Is c a prime number?
False
Let i(n) = -8*n**2 - 6*n + 5. Let a be i(6). Let c = 1470 + a. Is c composite?
False
Suppose 4*r = 6*r - 10. Suppose -8*w + r*w = -1113. Let q = -180 + w. Is q prime?
True
Let i be (3/4)/(4/32). Suppose -i*r - 29 + 119 = 0. Suppose r*v = 11*v + 148. Is v composite?
False
Suppose 2*n - 3*o + 15162 = -4*o, -5*o = -3*n - 22756. Is (n/(-6))/(1/3) a composite number?
True
Let b = 1355 - 738. Suppose -b = -4*n + 1227. Let t = 1015 - n. Is t prime?
False
Let o(g) = g**3 - 30*g**2 + 30*g - 20. Let v be o(29). Suppose r - d = 1536, -6150 = 5*r - v*r - 2*d. Is r a composite number?
True
Let q = 49836 + 50497. Is q composite?
False
Let c = -61 + 62. Let y be c*66 + -1 - 3. Suppose 2*j = -4*d + 134, y - 23 = d - 5*j. Is d prime?
False
Suppose 23*j = 8536 + 66743. Suppose g + 2*i - 3269 = 0, 0*i - j = -g - 3*i. Is g a prime number?
False
Let o be ((-46)/(-4))/(1196/240 + -5). Let y = 2671 + o. Is y prime?
False
Suppose -7*z + 1864 = 457. Let v = z + -10. Is v a composite number?
False
Suppose -2*n + g = -28104, -3*n + 103*g + 42157 = 101*g. Is n prime?
True
Suppose 5*d + 55365 = -5*f - 0*d, -4*f = -2*d + 44316. Let n be f/22 - (-1)/2. Let s = -208 - n. Is s a composite number?
True
Suppose -3609784 + 299049 = -115*k. Is k composite?
False
Is ((-2296880)/(-45) - -4) + 9*8/324 a prime number?
False
Suppose 10 = 3*v - 2*b, 5*v - 4*b - 17 - 1 = 0. Suppose 2*f - 8 = 0, -v*f + 502 = 3*r - f. Is r a prime number?
False
Suppose -3*w + 1134 + 592 = 5*p, -p = 2*w - 348. Let i = p - 134. Let o = -115 + i. Is o prime?
False
Is 401733 + 0/3 + 560/56 composite?
False
Let b(j) = 43*j - 179. Let g be b(-28). Let y = 2702 + g. Is y a prime number?
True
Suppose 0 = 18*a - 691087 - 1154698 - 357181. Is a a composite number?
False
Suppose 9*q + 7*q + 87712 = 0. Let u = -3299 - q. Is u prime?
False
Let z = -1613 - 1. Let n = z + 4513. Is n a prime number?
False
Let q = 0 + 2. Let n be -460*(-19)/((-247)/(-598)). Is q + (n/(-4))/(-2) + -4 a composite number?
True
Let q = -408 + 140. Is (q/10)/(2/(-10)) composite?
True
Let i(b) = -b**2 + 13*b - 37. Let k be i(9). Let u(q) = -471*q + 2. Let a be u(k). Let n = a - 24. Is n a composite number?
False
Suppose 106*y = 113*y - 212506. Suppose y = 8*o - 9778. Is o a composite number?
True
Let v be -178*1/2 + 4. Let b = 978 + v. Suppose -2*k - 4*r + 350 = 0, b = 5*k - r + 2*r. Is k a prime number?
True
Let t(d) = 12*d**2 + 56*d + 259. Is t(-19) prime?
True
Suppose -3*j - 5*y + y - 1810 = 0, 16 = -4*y. Suppose 21*h = 6*h - 3255. Let v = h - j. Is v composite?
True
Suppose 0 = -3*p + 5*w + 134, -3*p + 99 = 5*w - 55. Let l = 48 - p. Suppose 26*k - 25*k - 277 = l. Is k composite?
False
Suppose -5*a + 3*u + 42 = 0, -a + 3 = -4*u - 2. Is 175368/32*12/a a composite number?
False
Let z = -7316 + 10279. Suppose z = 296*n - 295*n. Is n composite?
False
Suppose 4*h + 64655 = 3*f, -3*f + 64659 = -124*h + 121*h. Is f prime?
True
Let z(i) = 3*i**3 - 3*i - 4. Let r(c) = -3*c + 33. Let v be r(13). Let g be z(v). Let b = -255 - g. Is b a composite number?
False
Let u(i) = -93*i**3 - 6*i**2 - 27*i - 190. Let p be u(-6). Suppose -2*x + f + 7937 = -0*x, 3*f = 5*x - p. Is x prime?
True
Suppose -2*c + 288*u = 293*u - 65206, 0 = -c + u + 32603. Is c a prime number?
True
Let l be (-9 - 47/(-5)) + (-37)/5. Let a be (-11754)/(-10) - l/(-70)*-6. Is (-4 + a/(-20))*(-10)/4 a prime number?
True
Let d be (-1)/(76/(-12) + 6). Suppose -d*o - 1440 = -2*q - q, 3 = 3*o. Is q a composite number?
True
Suppose -6*b = -3*s - 382140, 14*s - 191122 = -3*b + 9*s. Is b prime?
False
Is -3*(1 - 0) + 7/(42/1618824) a prime number?
False
Suppose 0 = -2*c + f + 54959, 425*f - 424*f